1ce
Convert a072 (base 14) to base 4.
12232110
171b (base 13) to base 14
1352
-14610 (base 15) to base 9
-108746
What is -1005b (base 14) in base 7?
-220144
Convert 3674557 (base 8) to base 11.
632a24
What is 213213 (base 4) in base 8?
4747
What is 252dc (base 15) in base 2?
11100111111111110
Convert -61b9 (base 16) to base 14.
-918d
418137 (base 11) to base 13
1a5a5b
Convert 1017b (base 12) to base 5.
1132400
What is -13223320032 (base 4) in base 9?
-3710623
9ae1ea (base 16) to base 2
100110101110000111101010
-124b96 (base 13) to base 16
-6b391
Convert 164698 (base 10) to base 6.
3310254
-1008086 (base 9) to base 6
-15303423
-133421042 (base 5) to base 3
-1021211200222
Convert 1e1264 (base 16) to base 8.
7411144
Convert -6b19 (base 12) to base 10.
-11973
1904d07 (base 14) to base 4
233033103323
What is -35a51 (base 14) in base 11?
-8a470
What is -1011012020100 (base 3) in base 4?
-2111321211
2558880 (base 9) to base 14
285404
What is 21321413 (base 5) in base 13?
65235
Convert 513961 (base 10) to base 5.
112421321
927008 (base 10) to base 6
31511412
-35351202 (base 7) to base 4
-23322021033
100110001100100001010 (base 2) to base 4
10301210022
-113210320 (base 4) to base 13
-34c54
What is 38499 (base 15) in base 16?
2becf
4642121 (base 7) to base 2
10001110000010100000
Convert 61801 (base 14) to base 13.
82b53
23b0025 (base 14) to base 6
1410224121
What is 401141101 (base 5) in base 3?
2222110201000
Convert 2c063 (base 15) to base 5.
14014333
204024311 (base 5) to base 10
845581
1212200 (base 3) to base 14
6da
Convert 1022220030 (base 4) to base 8.
1125014
What is 1110101110100111 (base 2) in base 7?
340611
What is 3240143134 (base 5) in base 15?
926e99
3333122 (base 4) to base 10
16346
-1000110111100111101101 (base 2) to base 14
-447417
What is 152672 (base 8) in base 12?
277b6
420109 (base 10) to base 7
3366544
Convert -34014 (base 13) to base 16.
-17118
Convert -331431 (base 6) to base 4.
-12233023
What is -11246 (base 14) in base 9?
-63067
Convert 13042333 (base 6) to base 12.
1863a9
What is 25344410 (base 6) in base 12?
338106
Convert -30222331 (base 4) to base 6.
-1040141
Convert ef35e (base 16) to base 8.
3571536
Convert 4850508 (base 9) to base 16.
2826ce
What is 907663 (base 10) in base 11?
56aa39
What is -230021035 (base 6) in base 13?
-b4171b
35cb5 (base 14) to base 5
13201404
Convert 10121313332 (base 5) to base 3.
201110020212211
-9e717 (base 15) to base 4
-1323022120
-134652351 (base 7) to base 14
-1258298
What is -11111010010010001 (base 2) in base 12?
-621a9
4111064 (base 7) to base 14
ca8db
-550302 (base 6) to base 16
-b19e
-22cd6 (base 14) to base 6
-1452512
3b7075 (base 13) to base 11
8a65a6
What is 47176 (base 13) in base 6?
2441201
What is -205253 (base 7) in base 13?
-131b1
Convert 42124 (base 5) to base 8.
5345
-70b2a8 (base 12) to base 15
-24bcb8
What is -211121122012 (base 3) in base 7?
-3532553
Convert 8c33d (base 14) to base 7.
2616606
Convert -133331112 (base 4) to base 12.
-63906
What is 7201323 (base 10) in base 15?
973ad3
What is 1017465 (base 8) in base 11?
174a56
What is -83247 (base 12) in base 10?
-171415
What is 4bc7cb (base 16) in base 4?
102330133023
What is -c6a1a (base 13) in base 11?
-224766
-11144103 (base 7) to base 4
-3230211003
What is -201336 (base 8) in base 9?
-110813
5c2c8 (base 15) to base 11
1910a2
Convert -1011010000010101011 (base 2) to base 7.
-3064152
What is -2202022000 (base 3) in base 15?
-110ac
Convert 36d0c8 (base 14) to base 6.
104142504
-344898 (base 15) to base 12
-a04598
-396b9 (base 12) to base 3
-11000001020
What is -385f80 (base 16) in base 12?
-12a2000
What is 22200102000200 (base 3) in base 16?
4666e3
What is -1110111001011111 (base 2) in base 6?
-1150303
Convert 9a5406 (base 11) to base 7.
16424340
-694399 (base 10) to base 4
-2221201333
Convert 571cc7 (base 14) to base 13.
7c9a45
Convert 5d00b2 (base 16) to base 14.
b49310
What is -2130222113 (base 4) in base 10?
-641687
What is -1a672 (base 15) in base 8?
-247510
Convert -23023210 (base 4) to base 16.
-b2e4
-15353 (base 15) to base 16
-10a9d
-15500c (base 13) to base 12
-213a5b
What is 21010200121 (base 3) in base 15?
2b94a
What is -320104242 (base 5) in base 7?
-14214602
-392295 (base 12) to base 3
-1202121021212
-3630241 (base 8) to base 3
-1212120112222
Convert 130010430 (base 5) to base 12.
262150
Convert 12100112000112 (base 3) to base 8.
12663634
What is 5460030 (base 7) in base 11?
418340
-101867 (base 10) to base 14
-291a3
What is 97119 (base 11) in base 12?
6988b
What is -20200122102200 (base 3) in base 8?
-15440500
-35311240 (base 6) to base 14
-208224
What is -1100100110111011100 (base 2) in base 9?
-688653
Convert -7b3856 (base 13) to base 5.
-1221434421
Convert -100001000101100000 (base 2) to base 8.
-410540
Convert 2988571 (base 10) to base 5.
1231113241
Convert -222b6b (base 12) to base 15.
-ab3de
-69903 (base 10) to base 13
-25a82
What is 12113767 (base 8) in base 6?
133004223
What is 7b088 (base 16) in base 13?
1484bc
Convert -4a2e9 (base 15) to base 16.
-39d77
Convert 1214a7 (base 12) to base 7.
2326312
What is -2011553 (base 7) in base 15?
-4a935
Convert 22a859 (base 13) to base 4.
3020331000
11111111000100111100110 (base 2) to base 16
7f89e6
1331723 (base 12) to base 16
39f1cb
1111000000001101011 (base 2) to base 12
1b860b
Convert -85507 (base 10) to base 14.
-23239
160323 (base 11) to base 7
2055531
-2021323101 (base 4) to base 11
-3564a7
Convert 311100112 (base 5) to base 9.
2343387
Convert -20351024 (base 6) to base 4.
-2100001120
What is -360147 (base 9) in base 6?
-4350541
What is 1176233 (base 9) in base 15?
c9dc3
What is 102110131313 (base 4) in base 15?
64ce18
Convert 1026128 (base 13) to base 3.
100012210212002
233263 (base 8) to base 3
11001002220
2142015 (base 6) to base 13
3975b
What is -54234 (base 10) in base 9?
-82350
Convert 32020300112 (base 4) to base 6.
211232502
18453a (base 13) to base 9
1128021
What is -52207 (base 11) in base 6?
-1344220
Convert -6216 (base 8) to base 13.
-1603
-12221334 (base 6) to base 4
-1133220322
What is 17a8c (base 15) in base 9?
126106
What is 31201300200 (base 4) in base 2?
1101100001110000100000
-617070 (base 9) to base 11
-22aaa7
Convert 8b91 (base 13) to base 4.
10301201
Convert 21232202231 (base 4) to base 8.
11564255
What is 12021210121101 (base 3) in base 2?
1010101110001101110001
What is 70e11c (base 15) in base 8?
24352667
Convert 110110000011011 (base 2) to base 13.
c79b
-12736503 (base 10) to base 15
-11b8ba3
Convert 32731 (base 14) to base 7.
1016061
What is -121120111100 (base 3) in base 8?
-1175117
Convert 145769 (base 13) to base 7.
4142201
111211000 (base 3) to base 2
10011101010111
Convert -10112002220 (base 3) to base 2.
-10000111011010101
What is -30345413 (base 6) in base 12?
-35b269
What is -464402 (base 8) in base 11?
-a8745
Convert -2c2a9a (base 14) to base 6.
-53033104
Convert 7344d5 (base 16) to base 15.
9e3476
-2210222111110 (base 3) to base 10
-1495542
Convert 68a1c (base 13) to base 4.
232203001
Convert 11e1a (base 15) to base 6.
1120411
What is -41124011 (base 5) in base 7?
-2554602
-1001202001221 (base 3) to base 9
-1052057
1264333 (base 7) to base 16
28d2c
10213122 (base 7) to base 13
241980
What is -176637 (base 8) in base 6?
-1220331
-1101000100011000010 (base 2) to base 7
-3432321
Convert 335041 (base 8) to base 5.
12110220
Convert 11002132042 (base 5) to base 14.
17bddc4
What is 1320255 (base 6) in base 11?
4a676
What is 9933d (base 16) in base 14?
124989
-51762 (base 8) to base 15
-657a
Convert -10011001101100000111 (base 2) to base 9.
-1158466
Convert -2010102012122 (base 3) to base 5.
-242130402
Convert 804816 (base 12) to base 15.
297343
Convert 1010100110100111101 (base 2) to base 5.
42104303
Convert 13985a7 (base 12) to base 8.
17003117
-553036 (base 9) to base 15
-67cd0
Convert 145aaa (base 16) to base 8.
5055252
-20624422 (base 9) to base 13
-209ba6c
What is 1553 (base 16) in base 6?
41135
101000010001010111001 (base 2) to base 11
821495
111201022020 (base 3) to base 2
1000001111010000000
-ea5d27 (base 15) to base 10
-11157337
What is 2604660 (base 8) in base 12?
2aa754
-107506 (base 12) to base 9
-437826
Convert -2507744 (base 9) to base 3.
-2120021211111
-581b7 (base 13) to base 3
-22011102212
What is 256588